s + 4*o + 72 = i*s, -4*s + 204 = 5*o. What is the tens digit of s?
5
Let b(l) = 18 - 38 + 3*l + 7. Let s be b(6). Suppose -k = -5, s*j - 10 - 15 = 3*k. What is the units digit of j?
8
Let i(p) = p**2 - 10*p - 2. Let u be i(10). Let q be (3/2)/(u/(-4)). Suppose q*f = f + 24. What is the units digit of f?
2
Let o(m) = 25*m**2 + 13*m + 3. Let h(x) = 13*x**2 + 6*x + 2. Let f(c) = 5*h(c) - 2*o(c). What is the tens digit of f(-2)?
5
Let t(b) = -b**3 + 4*b**2 + 8*b - 12. Suppose 5*i - 31 = -6. Let r be t(i). What is the units digit of 7 + (0 - r)*-1?
0
Let l(g) = 3*g + 6. Suppose o + 14 = 2*t, -3*t + 8*t - o = 32. Let x be l(t). What is the tens digit of (-18)/(-4)*224/x?
4
Let v(b) = 6 - 10 + 9 + 10 + b. Suppose 3 - 12 = -i. What is the units digit of v(i)?
4
Let z = 3 - -5. Suppose l - 1 + z = w, -l - 31 = -4*w. What is the units digit of w?
8
Let d = -35 - -49. Let o = d + -27. What is the units digit of o/(-3)*(-2 + 5)?
3
Suppose 0 = -b - 0*b + 3. Suppose -j + 20 = b*v, -37 = -5*v - 12. Suppose s = 2*c + 3, -3*c = -j*s + s + 37. What is the tens digit of s?
1
Suppose -7*l = 26 + 16. What is the tens digit of l/2 + (-236)/(-4)?
5
Suppose j + 3*v = 8, 3*j + 0*v = -v + 8. Suppose 0 = u + x + 9 - 35, 0 = 4*u + j*x - 94. Let p = u + -5. What is the tens digit of p?
1
Let u be -10 - -12 - (-136 - 0). Suppose -2*w + 5*w = u. What is the tens digit of w?
4
Suppose 0 = 8*j - 3*j + 860. Let c = -86 - j. What is the tens digit of c?
8
Suppose -5*r + 5505 = -5*s - 1895, 5*r = -s + 7388. What is the hundreds digit of r?
4
Let f(r) = r**3 - 10*r**2 - 8*r + 6. Let k be f(11). Let y = -10 + k. Suppose 0 = -5*s - y + 74. What is the units digit of s?
9
Let l(x) = -2*x**3 - 5*x**2 - 6*x - 2. Let g be l(-1). Let v(b) = 157*b**3 - 2*b**2 - 2*b + 3. What is the tens digit of v(g)?
5
Let s = -416 + 706. Suppose -s = -10*n + 2170. What is the tens digit of n?
4
Let b(z) = -z**2 + 3*z + 8. Let p be b(4). Suppose -p*t = 2*h - 290, 0*h + 3*h = -3*t + 225. What is the units digit of t?
0
Suppose 0 = 5*m - w - 3 - 1, -m = 4*w + 16. Suppose -2*q - 3*q = m. Let f = q + 25. What is the tens digit of f?
2
Suppose 2*a - 1485 = 431. What is the units digit of a?
8
Let h = -57 - -97. Suppose -928 = -8*s - h. What is the tens digit of s?
1
Let l(i) = i**2 + 17*i - 2. Let y be l(-16). Let w(b) = -b**3 + 9*b**2 - 8*b + 3. Let z be w(8). Let t = z - y. What is the units digit of t?
1
Suppose 0*g + 5*q = 3*g - 12, -3*q = -3*g + 12. Suppose -3*n + 11 = 2*p, -g*n + 34 + 19 = -5*p. Let f = n - -8. What is the tens digit of f?
1
Suppose 0 = -4*r - i + 6420, -9*r + 7*r - 2*i + 3210 = 0. What is the thousands digit of r?
1
Let n(v) = v**3 + 7*v**2 + 6*v - 8. Let q be n(-6). Suppose -7*a = -9*a + 64. Let i = a - q. What is the tens digit of i?
4
Let d be (5/10)/((-1)/234). Let p = d - -200. What is the tens digit of p?
8
Let b(r) = -r + 36. Let i(n) = 2*n - 109. Let a(d) = -11*b(d) - 4*i(d). What is the tens digit of a(0)?
4
Let v(w) = 4*w - 39. Let p be v(8). Let j(z) = -z**3 - 7*z**2 - 11*z - 14. What is the units digit of j(p)?
3
Suppose 27060 = 7*c + 3008. What is the units digit of c?
6
Let q = 31 + -59. Let w = 41 + q. What is the tens digit of w?
1
Let s(o) = o**2 - 4*o + 1. Let n be s(4). Let l be 11727/(-63) - n/(-7). What is the units digit of l/(-9)*(0 + 3)?
2
Let t(u) = u**3 - 6*u**2 + 5*u + 3. Let x be t(5). Let f be (x/(-4))/((-8)/32). Suppose 2*v - 93 = f. What is the tens digit of v?
4
Suppose 3*g - 7 = g + 3*z, -5*g + 5*z + 5 = 0. What is the hundreds digit of (-126)/35 - g - 1726/(-10)?
1
Suppose 2*v + 22 + 22 = 0. Let x = -19 - v. Suppose -158 = -4*o + x*l - 5*l, -l = -5. What is the units digit of o?
7
Let x(b) = -b**2 + 2*b - 4. Let z be x(3). Let u(r) = 2 - 7*r + 5*r**2 + r**3 - 5 + 2*r**2. What is the tens digit of u(z)?
4
Let a be 431/2 + 3/2. Suppose 0*g = -2*i + 3*g + a, -3*g = 5*i - 511. Suppose 10*p - i = 8*p. What is the units digit of p?
2
Let f be (-18)/1 + 0/(-2). Suppose -3*b + 93 = 3*q, b - 4 = q + 23. Let p = b + f. What is the units digit of p?
1
Let h(y) = y. Let l(z) = -3*z + 8. Let q(o) = 2*h(o) + l(o). Let p(u) = u**2 - 6*u + 2. Let i be p(3). What is the units digit of q(i)?
5
Let s(q) = 3*q - 1. Let y be s(2). Let d = -91 - -91. Suppose -y*o + 80 - 15 = d. What is the units digit of o?
3
Let x be (-11 - -12)/((-2)/(-10)). Suppose -x*v + 24 = -v. Suppose 2*m - v = y, 2*y + y + 17 = 5*m. What is the units digit of m?
1
Let f(y) = 144*y**2 - 74*y + 8. What is the units digit of f(-5)?
8
Suppose -4*c + 68 = -12. Let z = -10 + c. What is the tens digit of z?
1
Suppose 4*l = 3*l. Suppose l = -5*u - 116 + 476. What is the units digit of u?
2
Let c be (1 - 1)/(45/15). What is the tens digit of (c + 1)*3 + 1 + 57?
6
Let g = 1529 + -742. What is the tens digit of g?
8
Let r(i) = 11*i**2 + 6*i + 102. What is the hundreds digit of r(-13)?
8
Let l(a) be the third derivative of -7*a**4/24 - 25*a**3/6 - 19*a**2. What is the units digit of l(-11)?
2
Suppose 413 = 5*t - 37. Suppose -12*d + t = -7*d. What is the units digit of d?
8
Let z = -157 - -385. What is the tens digit of z?
2
Suppose 0 = 62*b - 66*b + 1140. What is the units digit of b?
5
Suppose -r = -6*x + 2*x + 97, -4*x + 93 = 3*r. Suppose 165 = 5*h - 5*y, -78 + x = -2*h - 2*y. What is the units digit of h?
0
Let o = 572 - -67. What is the units digit of o?
9
Let f be 50/(-40)*(0 + -140). Suppose -2*m - f = -5*w - 0*m, w - 5*m - 58 = 0. Let i = -14 + w. What is the units digit of i?
9
What is the units digit of 4/6*(-210)/(-40)*2?
7
Suppose 25 = t + 4*d, 3*d - 20 = -d. Suppose 277 = -t*g + 2*k + 1305, g - 4*k = 202. What is the tens digit of g?
0
What is the tens digit of ((-23325)/(-35) - -10) + (-12)/(-21)?
7
Let q be 970/12 - 13/(-78). Suppose 2*f = -f + q. What is the tens digit of f?
2
Let g = 13 - 17. What is the tens digit of (g/(-10))/((-22)/(-4345))?
7
Suppose 0 = 5*y - y + 108. Let z be (-23)/(3 + (-10 - -2)/4). Let a = z - y. What is the units digit of a?
4
Suppose -5*f = d - 9 - 271, 2*d + 4*f - 590 = 0. Let g = d + -198. What is the hundreds digit of g?
1
Let s(q) = -q**3 - 8*q**2 + 9*q - 60. What is the hundreds digit of s(-14)?
9
Let d = 5174 - 242. What is the tens digit of d?
3
Suppose 4*s + 4 = -0. Let m be -3 - s*(-1 + 168). Suppose -4*c = a - m, -72 = -2*c + a - 4*a. What is the units digit of c?
2
Suppose -4*y = 4*x + 12, 0 = -3*x - x - y - 9. Let t(b) be the first derivative of -b**4 - b**3/3 + b**2/2 - 3. What is the tens digit of t(x)?
2
Let m = 43 - 18. Let g = 31 - m. What is the units digit of g?
6
Suppose 3*s - 2122 = 443. What is the hundreds digit of s?
8
Suppose 3*w - 44 = -4*c - 16, 36 = 2*c - 4*w. Let y(d) = -d**3 + 9*d**2 + 16*d + 8. What is the units digit of y(c)?
8
Let w = -43 - -43. What is the tens digit of (-1)/((-3)/108) + w + 2?
3
Let v(h) = h**3 + 10*h**2 + 16*h + 2. Let g be v(-8). What is the units digit of (-6)/12*152/(g/(-1))?
8
Suppose 2*u - 6*u - 84 = 0. Let n = 18 - u. What is the units digit of n?
9
Let w = -180 + 248. What is the units digit of w?
8
Let g(c) = -c + 10. Let t be g(7). Let j = -3 + t. Suppose -4*s + 3*s + 101 = 3*p, j = 4*p + 3*s - 143. What is the units digit of p?
2
Suppose -2*g + 0 - 2 = 2*l, l = g - 5. What is the units digit of (-525)/(-9) - 2/l?
9
Let y = 3 - 2. Let d be (7 - 6)*15*y. Suppose -d = -3*m - 2*m. What is the units digit of m?
3
Let u be -5 + 7 + 4*7. Suppose 2*o - u = o. What is the tens digit of o?
3
Let b(w) = w**3 + 10*w**2 + 12*w + 12. Let i be b(-9). Let k = i + 18. Suppose k*a + g + 0*g - 30 = 0, -14 = -a + g. What is the tens digit of a?
1
What is the hundreds digit of -3 + (7 - 2) - -295?
2
Let p = -1 - -5. Suppose 2*t + 82 = -p*m, -t = t + m + 73. What is the tens digit of 10/t + 256/14?
1
Suppose 0 = -y - 18*w + 17*w + 549, w = -2*y + 1099. What is the hundreds digit of y?
5
Let m(p) = -p**3 + 25*p**2 - 25*p + 26. Let f be m(24). Suppose f*h - 10 = 60. What is the tens digit of h?
3
Let p(c) = 11*c**2 + 21. Let t be p(6). Suppose t = 9*w - 411. What is the units digit of w?
2
What is the hundreds digit of 1898/8 + 1 - (-24)/32?
2
Suppose 2*i = 3*i + 8. Let b = i - -17. What is the units digit of b?
9
Let l be (-2)/(-4) - 306/4. Let d be l/3*12/(-8). Let t = d - 6. What is the units digit of t?
2
Let g(w) = -w*